c - 5*y - 35 = -139*c, 4*y - 2 = 2*c. Calculate f(c).
-8
Suppose -4*g - n = -11, -5*n = -13*g + 10*g - 9. Let f be (g/(-8))/(2/(-16)). Suppose -f = -4*c + 6. Let q(z) = -2*z**2 - 2*z + 2. Determine q(c).
-10
Let d = -25 - -24. Let v(f) be the first derivative of -5*f**3/6 - f**2/2 - f + 1. Let m(i) be the first derivative of v(i). Give m(d).
4
Let o(j) = j**3 + 6*j - 16. Suppose 8*v - 13*v + 20 = 3*p, 2*p - 5*v = -20. Give o(p).
-16
Let g(r) be the second derivative of -r**5/20 - 49*r**4/12 + 25*r**3/3 - 29*r**2/2 + 3319*r. Give g(-50).
-29
Let l(g) = -g**3 - 6*g**2 - 12*g - 24. Suppose -v + 3*p = -4, 0 = -v - 24*p + 19*p - 20. What is l(v)?
11
Let u(v) be the second derivative of v**3/6 + v**2 - 2*v. Let g be 18/51*5916/522. Give u(g).
6
Let h(k) = k**3 + 2*k**2 - 2*k + 4. Let a(j) = 14*j**2. Let b be a(2). Suppose -b*z + 2 = -55*z. Suppose 4*d = 2*y + 8*d - 8, -z*y - 4 = d. What is h(y)?
-20
Let j(f) = 30*f + 11. Let h(g) = 82*g + 32. Let n(c) = -4*h(c) + 11*j(c). What is n(-3)?
-13
Let f(b) be the third derivative of b**4/6 - 8*b**3/3 - 2*b**2 - 223. Determine f(-6).
-40
Let d be 12 - ((-4)/2 - (-87 - -86)). Let a(w) = -3*w + 10. What is a(d)?
-29
Let z be (-3)/(-4) - (2 + (-55)/44). Let t(c) = -7*c - 6*c**2 - c**3 - 2331 + 2325 + z*c**2. Suppose -3*i - i = -8, 5*i = 4*h + 30. What is t(h)?
4
Let m(t) be the second derivative of -t**6/120 + t**5/10 - t**4/12 + 4*t**3/3 + t**2 + 58*t. Let v(k) be the first derivative of m(k). Determine v(6).
-4
Let u(b) = -b**2 - 12*b - 37. Suppose 663 = 1826*g - 1877*g. Give u(g).
-50
Let p be (3/(-2))/(74/16 - 5). Suppose -5*r + 223 = h, 2*r + p*h + 143 = 5*r. Let b(a) = -15 - 16 + r - 12 + 9*a. Calculate b(-2).
-16
Let o be (-1)/(-3*2/42). Let z(k) = 6 + 5*k - k**2 - 2*k**2 + 2*k**2 + 2*k. Determine z(o).
6
Let f(l) = -3*l**2 - 36*l - 24. Suppose -59*y = -64*y + 5*q - 30, y + 3*q = -30. Calculate f(y).
-24
Let m(u) be the first derivative of 3*u**2/2 + 3*u - 1984. What is m(-11)?
-30
Let d(m) = -m**3 - 4*m**2 + 6*m. Let y(b) be the third derivative of b**6/120 - b**5/15 + b**4/4 - 7*b**3/3 - 253*b**2. Let h be y(3). What is d(h)?
-5
Let q(h) = h**3 + 9*h**2 + 3. Suppose 4*o - 506 = -542. Calculate q(o).
3
Let k(o) be the first derivative of o**3/3 + 39*o**2/2 - 130*o - 7130. What is k(-42)?
-4
Let x(m) = m**2 + 12*m + 2. Let s(q) = q**2 + 17*q + 3. Let f(t) = 5*s(t) - 7*x(t). Suppose -z + 4*g = 18 - 2, -20 = -z - 5*g. Calculate f(z).
1
Suppose 236*h - 32*h = -93*h - 594. Let m(w) = w**3 + 2*w**2 - 2*w + 2. Let g(y) = y**3 + 3*y**2 - 2*y + 3. Let c(q) = 2*g(q) - 3*m(q). What is c(h)?
4
Let i be 4*8*8/256. Let h(q) be the first derivative of 9*q + 1/2*q**2 - i. What is h(0)?
9
Let d be 70/20*(-120)/70. Let o(s) = s**2 - 36*s - 258. Determine o(d).
-6
Let y(q) be the second derivative of q**4/3 + q**3/6 + 63*q**2/2 - 35*q. Let h(d) be the first derivative of y(d). Give h(-3).
-23
Let y(a) = 3*a - 9*a**2 - 2*a - a**2 + 3*a**2. Suppose -5*l - 109 = 146. Let u = l - -50. Determine y(u).
-8
Let l be (-5)/(-1) + 4/12*6. Let y(m) = l + 2*m + 5 + 13 - 34. Calculate y(8).
7
Let v(p) = 9*p**3 + 13*p**2 - 8*p - 5. Let z(w) = -5*w**3 - w**2 - w + 1. Let l(m) = -v(m) - 2*z(m). Let h(j) = -6*j - 8. Let t be h(-3). Calculate l(t).
3
Let a(f) = -3*f**2 + 360 + 351 - 715 + 9*f + 2*f**2. Calculate a(7).
10
Let r(s) = s**2 + 16*s - 10. Suppose 14*c = -3*c - 51. Let a(t) = t**2 + 15*t - 9. Let b(d) = c*a(d) + 2*r(d). What is b(-14)?
-7
Let g(y) = -27*y**2 + y + 1. Let i(u) = 53*u**2 - 2*u - 2. Let p(v) = -5*g(v) - 2*i(v). Suppose 0 = 11*s + 178 - 13. Let f = s + 14. Give p(f).
29
Let c(h) be the second derivative of -h**5/20 + 5*h**4/6 - h**3 - 23*h**2/2 - 748*h. Determine c(9).
4
Let i be (3 + 1)/(24/(-90)*-1). Let v(j) = 15*j + 16*j + i*j - 50*j - 4. Calculate v(-7).
24
Let q(v) = v**3 - 9*v**2 + 8*v + 9. Suppose o - 1106 = -4*l, -3*o + 3 = -3. Suppose 3*a + l = -a - 5*r, -69 = a + 2*r. Let h = -61 - a. What is q(h)?
9
Let n(m) = 6*m + 110. Let u be n(-18). Let r(y) = 0 - u - 3 - 1 + 3*y. Calculate r(5).
9
Let y(h) be the first derivative of 5*h**4 + h**3/3 - h**2/2 - 309997. Suppose -3*w = w - 4. Calculate y(w).
20
Let h(w) = -8*w - 8. Let y(v) = -28*v - 27. Let g(t) = 22*h(t) - 6*y(t). Determine g(-5).
26
Let m(p) = -41*p - 56. Let b(h) = -49*h - 53. Let f(q) = -6*b(q) + 7*m(q). What is f(8)?
-18
Let m(c) = -1 + c**3 - 15*c**2 + 34*c - 4 - 19*c + 11*c. Give m(13).
-5
Suppose -7 = -4*i - 15. Let q(a) be the first derivative of a**6/120 - a**5/60 - a**4/12 - 4*a**3 - 5. Let z(g) be the third derivative of q(g). Determine z(i).
14
Let o(s) = -s**3 - 10*s**2 - 4*s - 32. Let u(b) = -199*b - 2796. Let t be u(-14). Determine o(t).
8
Let d(s) = -13*s + 331. Let w(h) = 84*h**2 + 6721*h + 106. Let b be w(-80). Give d(b).
-7
Let b = 2 + -6. Suppose -z - 1 = 0, 3*z + 225 = g + g. Let n(w) = 109 - w - 2*w - g + 2*w. Determine n(b).
2
Let r(n) be the third derivative of -n**6/120 + 7*n**5/60 - n**4/8 - 6791*n**2. Give r(5).
35
Let m(x) = 2*x**2 - 14*x + 13. Let l = 2815 + -2808. What is m(l)?
13
Suppose -3*l + 10 = 2*l. Let f(i) be the third derivative of -i**4/6 + i**3 - 4*i**2. Let g be f(l). Let s(y) = 4*y**2 + y + 1. What is s(g)?
15
Let u(v) = -14 - 3*v + 4 - 3. Let l(z) be the third derivative of -z**4/24 - 7*z**2. Let n(p) = 4*l(p) - u(p). Give n(10).
3
Let n(x) = -11 + 4*x - 8 - 5 - 10. Let h be n(8). Let v(i) = 9*i + 7. Let u(b) = 5*b + 3. Let w(c) = -5*u(c) + 2*v(c). Calculate w(h).
13
Suppose 4*a + 13*z + 12 = 18*z, -2*a = -3*z + 4. Let x(f) = f**2 + 10*f + 8. What is x(a)?
-8
Let x(w) = w**2 + 6*w - 3. Suppose 4*y = -3*c + 35, -4*y = 5*c + 266 - 311. Give x(c).
52
Let p(f) = -f**2 - 5*f + 3. Let m be p(-4). Let h(w) = w**3 - 10*w**2 + 13*w + 25. Let n be h(8). Let b(y) = 8 - 12*y + 0 - n + 4*y + 7*y. Determine b(m).
0
Let b(q) = -4*q + 4. Suppose 28*s + 7643 = -5713. Let f = -482 - s. Determine b(f).
24
Let v = -9 + 4. Let q(w) be the second derivative of 1/2*w**2 + 1/3*w**3 + 0 - 4*w. Give q(v).
-9
Suppose -x - 4*r = 0, -r - 16 = -x + 3*r. Let t(n) = -n**2 + x*n - 130 - 127 + 264. Give t(5).
22
Suppose -4*a = 2 - 18. Let f(p) = -2*p**2 - 4*p - 1. Let m(z) = -11*z**2 - 23*z - 5. Let r(l) = 6*f(l) - m(l). Give r(a).
-21
Let l be 320/(-100) - ((-6)/5 - -1). Let h be l/(-1*9)*(-5 - -5). Let u(a) = -a - a**2 - 2*a + 5*a + 5 + h*a. Determine u(4).
-3
Let g(x) be the first derivative of 302 - 28*x - 1/2*x**2. What is g(-12)?
-16
Let r be (-8)/(-2) + -2*9/(108/30). Let h(b) = 4 - 2*b - 4. Calculate h(r).
2
Suppose 2469 = 4*w + 2*a + 617, a + 930 = 2*w. Suppose 7*t = 36*t + w. Let h(c) = -c**3 - 16*c**2 + c + 23. Give h(t).
7
Let c = 4234 + -4244. Let z(r) = -r**3 - 10*r**2 - 3*r - 26. What is z(c)?
4
Let b(g) be the second derivative of -g**5/120 + 19*g**4/24 - 31*g**3/3 + g + 44. Let u(p) be the second derivative of b(p). Determine u(14).
5
Suppose -15 - 8 = -4*q - 3*a, -5*a = q - 10. Let k(c) = 3 - 14*c + 20*c - q*c. What is k(-6)?
-3
Let w(i) be the first derivative of 1/4*i**4 + 3/2*i**2 - 1/3*i**3 - 9 - 5*i. Let k(n) be the first derivative of w(n). Determine k(2).
11
Let g(p) = -4 + 3 - 24*p - 2. Suppose 140 = 34*s - 104*s. What is g(s)?
45
Let o be ((-10)/4)/((-2)/4). Let y(p) = 5 - 1 + 32*p - 34*p. Let n(q) = -2*q + 3. Let f(a) = 4*n(a) - 3*y(a). Calculate f(o).
-10
Let y(q) be the first derivative of -173 - 9*q - 1/2*q**2. Give y(-8).
-1
Let d be (-3)/15 - (-104)/20. Suppose 7 = -d*r - 3. Let h(q) be the second derivative of q**3/6 - 2*q. Calculate h(r).
-2
Let p(t) = 4157 - 2071 - 2068 + t. Give p(-21).
-3
Let g = 37 - 28. Let c(k) = 7*k**2 - 20*k - 36. Let x(i) = -15*i**2 + 42*i + 76. Let u(l) = 13*c(l) + 6*x(l). Give u(g).
-3
Let f(z) = -141*z - 3823. Let h be f(-27). Let x(a) = a**2 + 17*a - 29. Determine x(h).
-45
Let i(h) = 2*h**2 + 69*h + 14. Let j(m) = -2*m**2 - 35*m - 13. Let n(t) = 2*i(t) + 3*j(t). Calculate n(8).
125
Let u(s) = -2*s**2 + 6*s. Let p be u(4). Let m(d) be the first derivative of 111 - 1/4*d**4 - 3*d**3 - 9/2*d**2 - 5*d. Determine m(p).
3
Let s(l) = -l + 14. Let h(i) = 4*i**2 + 5*i - 2. Let o be h(-4). Let j be 5 + (-7)/(o/(-744)). Let n = -119 + j. Calculate s(n).
4
Let k = -47 + 51. Let z(o) = -30*o + 36*o - 5*o**2 - 12 + k*o**2 + 3. What is z(8)?
-25
Let u = 2 - -19. Suppose -5*f + 5*i - u =